t the prime factors of w.
7
Let z(r) = r**3 + 8*r**2 + 2*r - 14. Let l = 14 + -10. Let b(o) = -2*o + 2. Let k be b(l). What are the prime factors of z(k)?
2, 23
Let h be 65/(-26)*(-1 + 101). What are the prime factors of (6/2)/((-1)/h*3)?
2, 5
Suppose 47*h + 68799 = 118*h. List the prime factors of h.
3, 17, 19
Suppose 3*t = 4*j - 10978, -3*j - t = -4*j + 2745. What are the prime factors of j?
13, 211
Let a(h) = -h**3 + 2*h**2 + 2*h + 5. Let u be a(3). Let r(c) = 3*c - 3 + u + c - 4. List the prime factors of r(7).
23
List the prime factors of 41313/94 - (0 - 5/2).
2, 13, 17
Let k(j) = j**2 - 10*j + 6. Let c be k(10). Suppose c + 4 = 2*i. Let x = 18 + i. What are the prime factors of x?
23
Let o(h) = 3*h + 7 - h**3 - 3*h**3 + 52*h**2 + 5*h**3 - 45*h**2. Let n = -4 - 2. List the prime factors of o(n).
5
Let u = 125 + 36. Let g = u + -80. What are the prime factors of g?
3
Let b = 2 + 0. Suppose -3*k - 13 - b = 0, j - 51 = 3*k. List the prime factors of j.
2, 3
Suppose -m = y - 1 - 2, -5*m - 1 = -3*y. Let j be -3*(y - 10/3). List the prime factors of (-1424)/(-32) - 6/j.
43
Suppose 0 = f - 762 + 437. What are the prime factors of f?
5, 13
Suppose y + 6 - 9 = 0. Suppose 2*n + 19 = -y*w + 132, 3*w - 15 = 0. List the prime factors of n.
7
Suppose s - 217 - 199 = 0. What are the prime factors of s?
2, 13
Suppose -92*v = -85*v - 7056. List the prime factors of v.
2, 3, 7
List the prime factors of ((-1040)/60)/(1/(-54)) + -4.
2, 233
Suppose -1032 = -4*z - 4*l, 3*z - 473 = -l + 307. What are the prime factors of z?
3, 29
Let w be ((-4)/3)/((-14)/1869). Let k = w - 100. List the prime factors of k.
2, 3, 13
What are the prime factors of (-1 - -2) + 603 + (-10 - -10)?
2, 151
Let c(h) = -42*h**2 + h. Let q be c(1). Let j be q*-2*(-3)/(-3). Let m = -46 + j. List the prime factors of m.
2, 3
Suppose 81*d - 71*d = 14690. List the prime factors of d.
13, 113
List the prime factors of (1/(-2))/((-31)/45446).
733
Suppose -11 = 4*h + 17. Let i(w) = w**3 + 6*w**2 - 6*w + 5. Let p be i(h). What are the prime factors of (2 + -3)/1*p?
2
Let y = 36 + 19. Let r = 3 + y. List the prime factors of r.
2, 29
Let x be (1 - 0)/(0 + -1). Let g be (-3 + 3)*x/2. Suppose g = 6*j - 5*j - 23. List the prime factors of j.
23
Let z be (4/6)/(2/(-6)). What are the prime factors of ((-6)/10 + 2 + z)*-205?
3, 41
Suppose -3635 = -25*v - 160. What are the prime factors of v?
139
Suppose 7*k - 2*k = -40. Let d = 8 - k. Suppose 2*q - 53 - 9 = 4*w, 0 = -q - w + d. What are the prime factors of q?
3, 7
Let u(v) = 5*v + 4. Let k(h) = -h - 2. Let l be k(-8). What are the prime factors of u(l)?
2, 17
Let k = 303 + -325. Let n = 61 + -26. Let y = n + k. What are the prime factors of y?
13
Suppose -16*i + 11*i = -95. What are the prime factors of i?
19
Let r(s) = s - 1. Let m(u) = -10*u + 4. Let k(h) = m(h) + 6*r(h). Let w be k(-6). Suppose -w = -3*t + 2. What are the prime factors of t?
2
Let s(f) be the third derivative of f**4/8 + f**3/3 + 7*f**2. Let h be (-1)/(-3)*(12 + 3). What are the prime factors of s(h)?
17
Suppose -y + s = -409, -4*y - s = -1960 + 309. What are the prime factors of y?
2, 103
Let j = -5 - -9. Let g be -9*(j/(-6))/1. Let q = 10 - g. What are the prime factors of q?
2
Let n(r) = -r**2 + 19*r. Let v be -2 + 4 + (-17 - -3)/(-2). What are the prime factors of n(v)?
2, 3, 5
List the prime factors of ((6/4)/1)/((-6)/(-1544)).
2, 193
Let s be 482/14 - 9/21. Suppose o - s = 3. List the prime factors of o.
37
Suppose -575 = -10*p + 45. Suppose -2*o + o = 0. Suppose o*i - p = -i. What are the prime factors of i?
2, 31
Suppose -17*d - 7011 = -26*d. List the prime factors of d.
19, 41
Let m(j) = 36*j**2 - 3*j + 13. What are the prime factors of m(3)?
2, 41
Suppose 0 = 5*r - 5*j, -2*j - 2 = 2*r - 10. Suppose 0 = g - 2*g + 1. List the prime factors of g/((-3)/(-51)) + r.
19
Suppose 0 = n - 3*n. Suppose -32 = -n*r + 4*r. Let z(o) = -o. List the prime factors of z(r).
2
Let h(o) = o**3 + 13*o**2 - 5*o - 7. Let f = -12 + -1. What are the prime factors of h(f)?
2, 29
Let h = 21 + -17. Suppose -h*c = -5*z - 35, c - 2 = -3*z - 6. Let s(l) = 4*l + 6. What are the prime factors of s(c)?
2, 13
Suppose 3*y + 3 = -3*f, 0*y = 5*y - f - 25. Suppose -u = y*r - 317 - 41, u = 5*r - 443. List the prime factors of r.
89
Let t be ((-8)/20)/(1/(-10)). Let l be 0 + t - (-6)/1. Let y = 55 - l. What are the prime factors of y?
3, 5
Let x(z) = -z + 3. Let r(t) = -t**3 - 4*t**2 - 2*t + 1. Let n(k) = k**2 - 11*k + 7. Let j be n(10). Let f be r(j). List the prime factors of x(f).
5
Let t = 3150 + -1286. What are the prime factors of t?
2, 233
Let u be ((-9)/(-3) - 5)*2. Let i be 10/u*(-472)/10. Suppose 5*v - i = -4*k, 4*k - 2*v = -0*v + 104. List the prime factors of k.
3
Suppose -1128*q + 1134*q - 18936 = 0. List the prime factors of q.
2, 3, 263
Let a(k) = k**3 - 9*k**2 - 2*k + 22. Let n be a(9). Suppose 0 = -3*t + n*t - 3. Suppose -36 = -3*d - 3*b, -t = d - 4*b + 2*b. List the prime factors of d.
7
Suppose 149*d = 157*d - 1896. What are the prime factors of d?
3, 79
Let w(v) = -2*v**3 - 7*v**2 + 8*v + 10. Let r(l) = l**2 + 7*l - 7. Let y be r(0). What are the prime factors of w(y)?
3, 11
Let j = 971 - -666. What are the prime factors of j?
1637
Let s(v) = 0 - 3 - 1 - 3 + 7*v. Let j be s(6). List the prime factors of (3 - 2)/(5/j).
7
Let q(h) = h**3 + 2*h**2 + 3*h - 6. List the prime factors of q(6).
2, 3, 5
Let v be 6/(-12) + (-71)/(-2). Suppose -3*m + n = 23, n - 3*n - v = 3*m. Let i = 15 + m. What are the prime factors of i?
2, 3
Let y = -69 + -188. Let v = y + 378. Let i = v + -71. List the prime factors of i.
2, 5
Suppose 4*s + 3*r - 59 = 0, 2*s - 30 = -r - r. Suppose 11*t + 198 = s*t. What are the prime factors of t?
2, 3, 11
Let v(b) = 322*b**3 + 2*b**2 - 1. What are the prime factors of v(1)?
17, 19
Suppose -181*v + 2393 = -180*v + 3*r, -4*r - 4806 = -2*v. What are the prime factors of v?
2399
Let z(m) = -m**2 + 24*m + 11. What are the prime factors of z(8)?
139
Let s = 368 - 20. List the prime factors of s.
2, 3, 29
List the prime factors of (-6)/(-10) - ((-825480)/(-50))/(-4).
2, 3, 43
Let m(q) be the third derivative of -5*q**4/12 + 5*q**3/6 + q**2. Let a(k) = 3*k**2 - 12*k - 3. Let p be a(4). List the prime factors of m(p).
5, 7
Let s = 1824 + -976. What are the prime factors of s?
2, 53
Let j = 6 + -1. Suppose 168 = 4*u - m + 6*m, 0 = -4*u + j*m + 128. List the prime factors of u.
37
Let v = 6951 - 4260. What are the prime factors of v?
3, 13, 23
Suppose 35*x - 39*x + 8 = 0. What are the prime factors of (-35 - -111)*1/4*x?
2, 19
Let s(j) = -j**3 - 4*j**2 - 2. Let x be s(-5). Let f = x + 17. What are the prime factors of f?
2, 5
Let n be (-48)/(-5)*(-95)/(-19). Let m = -22 + n. What are the prime factors of m?
2, 13
Let v be (-1 - -5) + 0 + 51. Let u = 112 - v. What are the prime factors of u?
3, 19
What are the prime factors of (-48180)/(-26) + 2/(-26)?
17, 109
Suppose 0 = v - s - 169 - 59, 0 = -5*s + 25. List the prime factors of v.
233
Let g be 1 - (0/4 - 18). Let h = g - 16. Suppose -h*y - z = -37, -4*y + 5*z = -50 - 31. What are the prime factors of y?
2, 7
What are the prime factors of (-2)/8 + 209020/112?
2, 3, 311
Let r(p) = p**2 - p - 3. Let v be r(-2). Suppose -125 = -5*u - 5*k, k = v*k. Suppose -4*n - u = -i, -113 + 33 = -2*i - 2*n. List the prime factors of i.
37
Let t be (-92)/2*(1 + -2). Let f(m) = m**3 + 6*m**2 + 4*m - 2. Let q be f(-6). Let p = q + t. List the prime factors of p.
2, 5
List the prime factors of (2*256/(-6))/((-3)/18).
2
What are the prime factors of (49/(-21))/((-3)/4851)?
7, 11
Suppose 0 = 56*h - 52*h - 2036. List the prime factors of h.
509
Suppose y = 5*y + 80. Let p = -76 - -59. Let h = p - y. What are the prime factors of h?
3
List the prime factors of -5*3/(-15)*-5 - -344.
3, 113
Let t = 9557 - 4125. List the prime factors of t.
2, 7, 97
Let s be 4/(-10) - (-51)/15. Let u be 5 + 6/s + -5. What are the prime factors of 2 + (-25)/(u - 3)?
3
Let a(n) = 66*n**3 - 8*n + 6. List the prime factors of a(2).
2, 7, 37
Let y = 39 + -38. What are the prime factors of (0 + y)/((-4)/5784*-6)?
241
Let r = 14 + -11. Suppose 5*w - 5 = z, -4*z - 13 = -r*z + 3*w. Let c(d) = d**2 + 7*d - 2. List the prime factors of c(z).
2, 7
Suppose 12 + 18 = -5*o. Let n = 11 + o. Let g(